*p + 6*p + 1017. Let o = p + 110. What is the tens digit of ((-8)/16)/(2*o/1272)?
0
Let w(b) = b**2 + 24*b + 137. Let v be w(-14). What is the hundreds digit of 2*(2 + -3020)*v/12?
5
Let c(m) = 11*m**3 + 8*m**2 + 2*m - 19. What is the thousands digit of c(6)?
2
Let z(o) = -3*o**3 - o**2 - 7*o + 5. Let n be z(-6). Suppose 2*v - 3*h - 257 = 0, -4*v - 3*h + n = 172. What is the hundreds digit of v?
1
Let r(j) = -j**2 + 28*j - 168. Let c be r(19). Suppose -226 = -4*i - c*o, -4*i + 17 + 205 = o. What is the units digit of i?
5
Suppose 618 = -2*a - 3*j - 123, -j = 4*a + 1497. Let g = 629 + a. What is the hundreds digit of g?
2
Let l be ((-12)/(-39))/2 + 222/78. Let k(w) = 5*w**3 + 2*w**2 - 7*w + 1. What is the hundreds digit of k(l)?
1
Let c = 61 - 53. Suppose 4*m + 4*q = 14 - 10, 5*m + 2*q - c = 0. Suppose -2*t + 178 = 2*g - 0*g, 4*g + m*t = 358. What is the tens digit of g?
9
Suppose -9*s + 6225 = -4*s. Suppose 3*f = 6*f - 3*i - 765, 5*f - s = -i. Suppose 5*u - f = o - 6*o, 2*u = 5*o - 250. What is the tens digit of o?
5
Let c be 55383/27 - (-10)/(-45). Let m be (-2)/3 - c/(-21). Let k = -2 + m. What is the units digit of k?
5
Let m = 136 + -32. Suppose -s = -5*s - m. Let x = 79 - s. What is the units digit of x?
5
Suppose 17*a = -14549 + 5182. Let y = -283 - a. What is the tens digit of y?
6
Suppose s = 2*z - 75712, 3*z + 5*s - 72555 = 41052. What is the tens digit of z?
5
Suppose 2*v - 3*g = -7*g + 14, 4*v + 5*g = 16. Let r(q) = -7*q - 3. Let a be r(v). What is the tens digit of (90 + (-4)/a)*1 - 2?
8
What is the tens digit of (33296/(-392)*-21)/((-1)/(-7))?
8
Let q(t) = -47*t + 2. Let l be (14/21)/((-8)/(-6))*-2. Let r be 5 - (10 - 2) - 2/l. What is the units digit of q(r)?
9
Let a(g) = 4*g**2 - 32*g - 19. Let y be a(9). Let b(j) = 3*j**2 + 11*j + 68. What is the tens digit of b(y)?
2
Let y(i) = -2*i + 1. Let z be y(-1). Suppose 0 = z*d - 4*p - 353, 0*d + 3*p + 234 = 2*d. What is the tens digit of d?
2
Let r(n) = n**2 - 4*n + 4. Let g be r(3). Let c be -3*(-147)/9 + (-3)/g. Let i = -36 + c. What is the units digit of i?
0
Let v = 17038 + 11807. What is the hundreds digit of v?
8
Suppose -7*q + 25465 = 2*m - 4*q, -25457 = -2*m + 5*q. What is the units digit of m?
1
Let z = -8317 - -23209. What is the tens digit of z?
9
Suppose 593 = 6*l - 1333. Suppose 0 = -3*w - 5*t + 165, -l = -4*w + t - 101. Let h = 158 - w. What is the hundreds digit of h?
1
Let s be (-10185)/4 + 12/(-16). Let y = -1211 - s. What is the units digit of y?
6
Let h = -338 - -357. Let w(f) = 13*f - 104. What is the tens digit of w(h)?
4
Let t(q) = 338*q + 331. What is the tens digit of t(12)?
8
What is the hundreds digit of ((-42)/(-9) - 6)/((-3)/32976)?
6
Suppose 4*o = -s + 7, -3*o + 8 = -4*s - 2. Suppose c + 13 + 3 = o*r, 4*c = 4*r - 40. Let u(y) = y**3 - 2*y**2 + 9*y - 14. What is the units digit of u(r)?
4
Let q = -93 + -30. Suppose -2*z - 2*v = -386, 3*z - 595 = -0*z + v. Let k = z + q. What is the units digit of k?
4
Let f(p) = 15*p - 25. Let w be f(2). Suppose -d + 3 = 0, -161 = -l - w*d + 228. What is the hundreds digit of l?
3
Let c = 0 + -3. Let j = c + 8. Suppose j*q + 55 = r, -140 = -4*r - 3*q + 103. What is the tens digit of r?
6
What is the units digit of (-26902)/(-6) + 30/(-5) + (-38)/(-6)?
4
Suppose -3*j - 2*w = -72488, -72490 = -3*j - 10*w + 6*w. What is the thousands digit of j?
4
Let l = -56 + 59. Let g be ((-162)/45)/(l/110). Let m = 245 + g. What is the units digit of m?
3
Let z(j) = 4*j**2 + 11*j - 5. Let b(k) = k**2 + k + 1. Let l = -53 + 52. Let t(r) = l*z(r) + 5*b(r). What is the units digit of t(4)?
2
Suppose 2*v - 24 = -4*f, 9 + 9 = 3*f + v. Suppose 0 = f*o - 4 - 44. Let b(u) = -u**2 + 11*u - 5. What is the tens digit of b(o)?
1
Suppose -39*u = -5*u - 8*u - 113490. What is the hundreds digit of u?
3
Let f(c) = 4*c**3 - 2*c**2 + 2*c + 11. Suppose 0 = x + 36 - 32, h - x = 8. What is the tens digit of f(h)?
4
Suppose 4*b = 3*a + 3 + 16, 5*b + a = 19. Suppose 0 = 6*y - 2*y - 5*p - 158, -b*p = 5*y - 177. What is the tens digit of y?
3
Let r be 143/55 - (-6)/(-10). Suppose -l + 89 = -r*b, 5*l + b - 3*b - 421 = 0. Let u = l + -28. What is the tens digit of u?
5
Let n(b) = -39 + 15*b + 19*b - 1 + 0. Let y be 7 + (-1 - -1)/(-4). What is the hundreds digit of n(y)?
1
Let i = -3 - -2. Let m = 0 - i. What is the units digit of ((-30)/(-20))/(m/56)?
4
Suppose 9*l = 7*l + 4*r + 2636, -3*l + 3974 = 4*r. Suppose -u + 449 = -5*b + 2*b, l = 3*u - 4*b. What is the hundreds digit of u?
4
Suppose -2659 = 3*w + 2*y - 605, 2*w + 5*y + 1362 = 0. Let r = -306 - w. What is the units digit of r?
0
Let n be (6/10)/((-3 - -7)/(-260)). What is the units digit of (853 - n) + 8/(-2)?
8
Suppose 0 = r - 8 + 5. Suppose 171 + 355 = 2*z - 3*q, 0 = r*z + 4*q - 823. What is the tens digit of z?
6
Suppose 0 = -106*o - 103089 + 2194269 + 662594. What is the units digit of o?
9
Suppose 8*v - 32720 = -4*q - 6*v, 3*q - 24480 = -3*v. What is the hundreds digit of q?
1
Let o = -66 - -60. Let v be -1 - (4/12 + 38/o). Suppose 0*d + 4 = -2*a - 4*d, 0 = 5*a + v*d - 5. What is the units digit of a?
4
Let n = 1187 - -390. Let p = 2284 - n. What is the hundreds digit of p?
7
Let t = 1024 - 604. Let z = t - 28. What is the hundreds digit of z?
3
Let v = -342 + 344. Suppose v*r = -4*u + 1544, 12*r - 9*r - 2326 = -4*u. What is the units digit of r?
2
Let x be 14/(-16) + 9/(-72). What is the hundreds digit of x/(7/(-14)) + 1356?
3
Let m(t) = 8*t + 4. Let k be m(2). Let q = 184 - k. Suppose 264 = 4*d - q. What is the tens digit of d?
0
Let k be ((-147)/(-35) - 1/5)*383. Let z = k - 1052. What is the hundreds digit of z?
4
Let s(u) = 5*u + 27. Let j(z) = 5*z + 27. Let k(y) = -6*j(y) + 5*s(y). Let n be k(-6). Suppose -1 = 5*r - 6, 5*r + 280 = n*t. What is the tens digit of t?
9
Suppose -18*g + 10*g = 0. Suppose 0 = k + h - 885, -3*k + 2*k - 4*h + 897 = g. What is the hundreds digit of k?
8
Let y be 7 + -1 + 2737 + 6 + -8. Suppose -n - y = -2*u, -3*n = 52*u - 54*u + 2743. What is the units digit of u?
0
Let u = 53839 - 35050. What is the tens digit of u?
8
Let i = -59 + 67. Let m(o) = 52*o - 91. What is the hundreds digit of m(i)?
3
Let q(t) = 44*t - 4. Let p be q(5). Suppose 0 = 2*n - p - 226. What is the tens digit of n?
2
Let f(v) = 1934*v + 338. What is the tens digit of f(7)?
7
Let z be (717 - 5) + (-1 - 0/(-1)). Let q be z/6 + 5/10. Let t = q + 41. What is the tens digit of t?
6
Let y(j) = -49*j**3 + 97*j**2 + 566*j - 13. What is the thousands digit of y(-6)?
0
Suppose -f + 31822 = -3*l, 2334*l - 2339*l - 159140 = -5*f. What is the thousands digit of f?
1
Suppose -2*y - 3*q = -4*y + 991, 4*y = q + 1957. Let b = 1119 - y. Let n = b + -412. What is the hundreds digit of n?
2
Suppose 2*s + 3*s - d = 48, 2*s - 2*d = 24. Suppose -3*b - s = -i, 2*i + 3*i + 2*b = 96. Let j = i - -16. What is the tens digit of j?
3
Suppose 0 = -3*r + 3*w - 1180 - 2201, 0 = -4*r + w - 4493. Let f be r/(-8) + 6/8 - -3. Suppose f - 644 = -4*y. What is the hundreds digit of y?
1
Let n(d) = 12*d - 7. Let a be n(1). Suppose -2*s = -2*b - 2*b + 3868, -a*s - 2887 = -3*b. What is the units digit of b?
9
Let x(t) = -t**3 + 84*t**2 - 12*t - 62. What is the units digit of x(80)?
8
Let n = 1519 + -590. Suppose -f + n = -4*w, -3*f = 2*w - 2025 - 832. What is the units digit of f?
9
Let x(c) be the second derivative of c**3/6 + 11*c**2/2 + 9*c. Let b be x(-9). Suppose 62 = m - i, b*m + 3*i = 8*i + 112. What is the units digit of m?
6
Let l = 101 - 82. Let w(q) = q**3 + 2 + l - 2*q**3 - 15*q - 10*q**2 - 39. What is the hundreds digit of w(-10)?
1
Let l be 80/50 + (-6)/10. Let d be 5*l*10/(-75)*6. What is the units digit of -1 + (-380)/(-8) - 2/d?
7
Suppose 2*z + q - 34025 = 0, 3*q - 49549 + 134617 = 5*z. What is the hundreds digit of z?
0
Suppose -547 = -3*t - 529. Let f(u) = u - 1. Let s(n) = 16*n + 15. Let k(o) = -3*f(o) + s(o). What is the tens digit of k(t)?
9
Let l be (-1)/(4/168*(-2 + 3)). What is the tens digit of -1 + 1394 + -2 + 38 + l?
8
Let z = -5469 - -10138. What is the units digit of z?
9
What is the tens digit of 60/6 - (-1551672)/69?
9
Let a be (9/(-12))/(33/(-88)). Suppose -5*b + 5*g + 1127 = -3253, -a*g + 2638 = 3*b. What is the units digit of b?
8
Let m be ((-10780)/6)/14 + (-4)/6. What is the hundreds digit of -3*(-342)/